{"id":12,"date":"2016-12-14T15:18:24","date_gmt":"2016-12-14T15:18:24","guid":{"rendered":"http:\/\/kaercherstore-wetzstein.de\/?page_id=12"},"modified":"2018-11-25T13:00:14","modified_gmt":"2018-11-25T13:00:14","slug":"impressum","status":"publish","type":"page","link":"https:\/\/kaercherstore-wetzstein.de\/?page_id=12","title":{"rendered":"Impressum"},"content":{"rendered":"<h5 id=\"component-impressum\">Firmeninformationen<\/h5>\n<div>K\u00c4RCHER Store Wetzstein<br \/>\nHauptstra\u00dfe 12<br \/>\n73110 Hattenhofen<br \/>\nTelefon: 07164 \u2013 5464<br \/>\nFax: 07164 \u2013 146676<br \/>\nE-Mail: info(at)kaercherstore-wetzstein.de<br \/>\nWeb: www.kaercherstore-wetzstein.de<\/div>\n<h5>Rechtliche Angaben<\/h5>\n<div>Umsatzsteuer-Identifikationsnummer gem\u00e4\u00df \u00a7 27 a Umsatzsteuergesetz: DE166055410<br \/>\nInhaltlich Verantwortlicher gem\u00e4\u00df TMG<br \/>\nRalf Wetzstein<br \/>\ninfo(at)kaercherstore-wetzstein.de<\/div>\n<div><\/div>\n<h5>Bildquellen und -rechte<\/h5>\n<div>Wir \u00fcbernehmen keine Haftung f\u00fcr Links und Webseiten, die au\u00dferhalb unseres Verantworungsbereichs liegen und distanzieren uns ausdr\u00fccklich von eventuellen rechtsextremen oder gesetzeswidrigen Beitr\u00e4gen. Wir sind bestrebt, auf allen Seiten die Urheberrechte zu beachten und verwenden ausschliesslich lizenzfreie bzw selbst erstellte Grafiken und Texte. Sollten sich wider Erwarten durch fremdes Copyright gesch\u00fctzte Elemente auf einer unserer Seiten befinden, so ist dies unbeabsichtigt. Solche Elemente werden nach Benachrichtigung der Urhebers sofort entfernt. Die Copyrights aller Texte, Grafiken und Programmen liegen bei den jeweiligen Herstellern bzw bei K\u00e4rcher Store Wetzstein.<\/div>\n<div><\/div>\n<div><a href=\"https:\/\/kaercherstore-wetzstein.de\/?page_id=71\">Datenschutzerkl\u00e4rung<\/a><\/div>\n","protected":false},"excerpt":{"rendered":"<p>Firmeninformationen K\u00c4RCHER Store Wetzstein Hauptstra\u00dfe 12 73110 Hattenhofen Telefon: 07164 \u2013 5464 Fax: 07164 \u2013 146676 E-Mail: info(at)kaercherstore-wetzstein.de Web: www.kaercherstore-wetzstein.de Rechtliche Angaben Umsatzsteuer-Identifikationsnummer gem\u00e4\u00df \u00a7 27 a Umsatzsteuergesetz: DE166055410 Inhaltlich Verantwortlicher gem\u00e4\u00df TMG Ralf Wetzstein info(at)kaercherstore-wetzstein.de Bildquellen und -rechte Wir \u00fcbernehmen keine Haftung f\u00fcr Links und Webseiten, die au\u00dferhalb unseres Verantworungsbereichs liegen und distanzieren uns [&hellip;]<\/p>\n","protected":false},"author":1,"featured_media":0,"parent":0,"menu_order":0,"comment_status":"closed","ping_status":"closed","template":"","meta":{"footnotes":""},"class_list":["post-12","page","type-page","status-publish","hentry"],"_links":{"self":[{"href":"https:\/\/kaercherstore-wetzstein.de\/index.php?rest_route=\/wp\/v2\/pages\/12","targetHints":{"allow":["GET"]}}],"collection":[{"href":"https:\/\/kaercherstore-wetzstein.de\/index.php?rest_route=\/wp\/v2\/pages"}],"about":[{"href":"https:\/\/kaercherstore-wetzstein.de\/index.php?rest_route=\/wp\/v2\/types\/page"}],"author":[{"embeddable":true,"href":"https:\/\/kaercherstore-wetzstein.de\/index.php?rest_route=\/wp\/v2\/users\/1"}],"replies":[{"embeddable":true,"href":"https:\/\/kaercherstore-wetzstein.de\/index.php?rest_route=%2Fwp%2Fv2%2Fcomments&post=12"}],"version-history":[{"count":5,"href":"https:\/\/kaercherstore-wetzstein.de\/index.php?rest_route=\/wp\/v2\/pages\/12\/revisions"}],"predecessor-version":[{"id":80,"href":"https:\/\/kaercherstore-wetzstein.de\/index.php?rest_route=\/wp\/v2\/pages\/12\/revisions\/80"}],"wp:attachment":[{"href":"https:\/\/kaercherstore-wetzstein.de\/index.php?rest_route=%2Fwp%2Fv2%2Fmedia&parent=12"}],"curies":[{"name":"wp","href":"https:\/\/api.w.org\/{rel}","templated":true}]}}